{"id":107110,"date":"2021-05-17T09:13:22","date_gmt":"2021-05-17T07:13:22","guid":{"rendered":"https:\/\/www.sport4club.be\/?post_type=product&#038;p=107110"},"modified":"2021-05-17T09:13:22","modified_gmt":"2021-05-17T07:13:22","slug":"head-delta-sport-bag-padel","status":"publish","type":"product","link":"https:\/\/www.sport4club.be\/index.php\/product\/head-delta-sport-bag-padel\/","title":{"rendered":"Head Delta Sport Bag padel"},"content":{"rendered":"<div id=\"tab-description\" class=\"product-attribute description-list\" role=\"tabpanel\" data-role=\"content\" aria-hidden=\"false\"><em>Pr\u00e9parez-vous \u00e0 avoir un coup de foudre pour le sac le plus polyvalent de HEAD. <\/em><\/div>\n<div class=\"product-attribute description-list\" role=\"tabpanel\" data-role=\"content\" aria-hidden=\"false\"><em>Ultra-spacieux et dot\u00e9 de compartiments renforc\u00e9s, il accueillera tout ce dont vous avez besoin, y compris ce que vous avez de plus pr\u00e9cieux. Vous pourrez le porter au dos pour rester libre de vos mouvements. <\/em><\/div>\n<div class=\"product-attribute description-list\" role=\"tabpanel\" data-role=\"content\" aria-hidden=\"false\"><em>Emportez-le partout avec vous\u00a0: en voyage, \u00e0 la salle de sport, ou encore sur le court, en prenant soin de lui associer une des raquettes assorties de la gamme Delta\u00a0!<\/em><\/div>\n<div role=\"tabpanel\" data-role=\"content\" aria-hidden=\"false\"><\/div>\n<div role=\"tabpanel\" data-role=\"content\" aria-hidden=\"false\"><em>Dimensions : 60&#215;30,5x40cm<\/em><br \/>\n<em>Composition : Ext : 70% Polyester &#8211; 30% PU \/ Int : 100% Polyester<\/em><\/div>\n<h3 tabindex=\"0\" role=\"tab\" data-role=\"collapsible\" data-collapsible=\"true\" aria-controls=\"tab-facts\" aria-selected=\"false\" aria-expanded=\"false\"><\/h3>\n","protected":false},"excerpt":{"rendered":"<p>Pr\u00e9parez-vous \u00e0 avoir un coup de foudre pour le sac le plus polyvalent de HEAD. Ultra-spacieux et dot\u00e9 de compartiments renforc\u00e9s, il accueillera tout ce dont vous avez besoin, y compris ce que vous avez de plus pr\u00e9cieux. Vous pourrez le porter au dos pour rester libre de vos mouvements. Emportez-le partout avec vous\u00a0: en [&hellip;]<\/p>\n","protected":false},"featured_media":107111,"comment_status":"open","ping_status":"closed","template":"","meta":[],"product_cat":[89],"product_tag":[],"_links":{"self":[{"href":"https:\/\/www.sport4club.be\/index.php\/wp-json\/wp\/v2\/product\/107110"}],"collection":[{"href":"https:\/\/www.sport4club.be\/index.php\/wp-json\/wp\/v2\/product"}],"about":[{"href":"https:\/\/www.sport4club.be\/index.php\/wp-json\/wp\/v2\/types\/product"}],"replies":[{"embeddable":true,"href":"https:\/\/www.sport4club.be\/index.php\/wp-json\/wp\/v2\/comments?post=107110"}],"wp:featuredmedia":[{"embeddable":true,"href":"https:\/\/www.sport4club.be\/index.php\/wp-json\/wp\/v2\/media\/107111"}],"wp:attachment":[{"href":"https:\/\/www.sport4club.be\/index.php\/wp-json\/wp\/v2\/media?parent=107110"}],"wp:term":[{"taxonomy":"product_cat","embeddable":true,"href":"https:\/\/www.sport4club.be\/index.php\/wp-json\/wp\/v2\/product_cat?post=107110"},{"taxonomy":"product_tag","embeddable":true,"href":"https:\/\/www.sport4club.be\/index.php\/wp-json\/wp\/v2\/product_tag?post=107110"}],"curies":[{"name":"wp","href":"https:\/\/api.w.org\/{rel}","templated":true}]}}