{"id":107018,"date":"2021-05-08T18:06:22","date_gmt":"2021-05-08T16:06:22","guid":{"rendered":"https:\/\/www.sport4club.be\/?post_type=product&#038;p=107018"},"modified":"2021-12-19T18:22:08","modified_gmt":"2021-12-19T17:22:08","slug":"siux-fenix","status":"publish","type":"product","link":"https:\/\/www.sport4club.be\/index.php\/product\/siux-fenix\/","title":{"rendered":"Siux Fenix + Protection + Tshirt"},"content":{"rendered":"<p><em>La raquette de padel Siux Fenix est la raquette la plus attendue. Elle est id\u00e9ale pour les joueurs qui recherchent de la puissance et qui aiment mettre du punch dans la balle.<\/em><\/p>\n<p><em>Cette merveille dispose d\u2019un \u00e9quilibre moyen et une forme hybride. De plus, pour augmenter la durabilit\u00e9, les faces ont \u00e9t\u00e9 fabriqu\u00e9es avec du carbone 1K Xtreme.<\/em><\/p>\n<p><em>Le cadre est compos\u00e9 d\u2019un tube double 100% carbone, ce qui permet d\u2019avoir plus de durabilit\u00e9 et de r\u00e9sistance. La raquette se compose d\u2019une mousse Black EVA Soft High Recovery en 5 couches avec m\u00e9moire de forme pour plus de dynamisme et de donc puissance.<\/em><\/p>\n<p><em>Le coeur de la raquette est renforc\u00e9 avec une structure r\u00e9duisant ainsi les vibrations et un antivibrateur interne en aramide. Ainsi, la siux Fenix r\u00e9duit les vibration, offrant ainsi un confort unique. Son effet 3D sur les face va vous permettre de mettre un max d\u2019effet dans chaque balles !<\/em><\/p>\n<p><em><strong>GRATUIT :\u00a0 1 Protection de raquette (5,95\u20ac)+ 1 Tshirt (22,95\u20ac) : la couleur peut varier selon la disponibilit\u00e9<\/strong><\/em><\/p>\n","protected":false},"excerpt":{"rendered":"<p>La raquette de padel Siux Fenix est la raquette la plus attendue. Elle est id\u00e9ale pour les joueurs qui recherchent de la puissance et qui aiment mettre du punch dans la balle. Cette merveille dispose d\u2019un \u00e9quilibre moyen et une forme hybride. De plus, pour augmenter la durabilit\u00e9, les faces ont \u00e9t\u00e9 fabriqu\u00e9es avec du [&hellip;]<\/p>\n","protected":false},"featured_media":107019,"comment_status":"open","ping_status":"closed","template":"","meta":[],"product_cat":[84],"product_tag":[],"_links":{"self":[{"href":"https:\/\/www.sport4club.be\/index.php\/wp-json\/wp\/v2\/product\/107018"}],"collection":[{"href":"https:\/\/www.sport4club.be\/index.php\/wp-json\/wp\/v2\/product"}],"about":[{"href":"https:\/\/www.sport4club.be\/index.php\/wp-json\/wp\/v2\/types\/product"}],"replies":[{"embeddable":true,"href":"https:\/\/www.sport4club.be\/index.php\/wp-json\/wp\/v2\/comments?post=107018"}],"wp:featuredmedia":[{"embeddable":true,"href":"https:\/\/www.sport4club.be\/index.php\/wp-json\/wp\/v2\/media\/107019"}],"wp:attachment":[{"href":"https:\/\/www.sport4club.be\/index.php\/wp-json\/wp\/v2\/media?parent=107018"}],"wp:term":[{"taxonomy":"product_cat","embeddable":true,"href":"https:\/\/www.sport4club.be\/index.php\/wp-json\/wp\/v2\/product_cat?post=107018"},{"taxonomy":"product_tag","embeddable":true,"href":"https:\/\/www.sport4club.be\/index.php\/wp-json\/wp\/v2\/product_tag?post=107018"}],"curies":[{"name":"wp","href":"https:\/\/api.w.org\/{rel}","templated":true}]}}