{"id":106118,"date":"2021-03-19T11:31:01","date_gmt":"2021-03-19T10:31:01","guid":{"rendered":"https:\/\/www.sport4club.be\/?post_type=product&#038;p=106118"},"modified":"2025-05-21T10:44:06","modified_gmt":"2025-05-21T08:44:06","slug":"babolat-syntec-evo","status":"publish","type":"product","link":"https:\/\/www.sport4club.be\/index.php\/product\/babolat-syntec-evo\/","title":{"rendered":"Babolat Grip Syntec Evo"},"content":{"rendered":"<p>Le Syntec Evo est le grip id\u00e9al pour les joueurs occasionnels ou r\u00e9guliers qui recherchent non seulement un certain confort mais aussi une excellente absorption de l\u2019humidit\u00e9.<\/p>\n<p>Nous sommes tellement s\u00fbrs de son efficacit\u00e9 que nous avons choisi d\u2019en \u00e9quiper toutes nos raquettes EVO en tennis, ainsi que certaines de nos raquettes de padel.<\/p>\n<p>Les Joueurs pro du team BABOLAT peuvent jouer avec un mod\u00e8le personnalis\u00e9 ou diff\u00e9rent de l&#8217;\u00e9quipement pr\u00e9sent\u00e9.<\/p>\n<div class=\"cb-section_column slds-size_12-of-12 slds-max-medium-size_12-of-12 slds-large-size_4-of-12\" data-aura-rendered-by=\"3512:0\">\n<div data-region-name=\"1\" data-item-id=\"cce49934-eb60-42c4-8a04-c49ca2679e4a\" data-aura-rendered-by=\"3486:0\">\n<div class=\"ui-widget\" data-priority=\"\" data-item-id=\"e5c769a9-cfb6-44a3-926b-8b5e4c61899a\" data-aura-rendered-by=\"3483:0\">\n<div>\n<div class=\"slds-accordion__list-item\">\n<section class=\"slds-accordion__section slds-is-open\">\n<div id=\"lgt-accordion-section-3786\" class=\"slds-accordion__content\" aria-hidden=\"false\">\n<table class=\"slds-table slds-table_header-hidden\" role=\"presentation\">\n<tbody>\n<tr class=\"slds-hint-parent slds-border_bottom\">\n<td class=\"slds-cell-wrap\">Sport<\/td>\n<td class=\"slds-cell-wrap\">All Sports<\/td>\n<\/tr>\n<tr class=\"slds-hint-parent slds-border_bottom\">\n<td class=\"slds-cell-wrap\">Type<\/td>\n<td class=\"slds-cell-wrap\">Comfort<\/td>\n<\/tr>\n<tr class=\"slds-hint-parent slds-border_bottom\">\n<td class=\"slds-cell-wrap\">Niveau d&#8217;absorption<\/td>\n<td class=\"slds-cell-wrap\">5\/5<\/td>\n<\/tr>\n<tr class=\"slds-hint-parent slds-border_bottom\">\n<td class=\"slds-cell-wrap\">Epaisseur<\/td>\n<td class=\"slds-cell-wrap\">2.1mm<\/td>\n<\/tr>\n<\/tbody>\n<\/table>\n<\/div>\n<\/section>\n<\/div>\n<\/div>\n<\/div>\n<\/div>\n<\/div>\n<div class=\"cb-section_column slds-size_12-of-12 slds-max-medium-size_12-of-12 slds-large-size_4-of-12\" data-aura-rendered-by=\"3514:0\">\n<div data-region-name=\"50126\" data-item-id=\"cf609b4b-5f7e-46a8-82db-24bdc415eb82\" data-aura-rendered-by=\"3500:0\">\n<div class=\"ui-widget\" data-priority=\"\" data-item-id=\"ab12ef9f-c229-4b9c-9124-4403207cbc79\" data-aura-rendered-by=\"3497:0\">\n<div>\n<div class=\"slds-accordion__list-item\">\n<section class=\"slds-accordion__section slds-is-open\">\n<div class=\"slds-accordion__summary\">\n<h2 class=\"slds-accordion__summary-heading\"><\/h2>\n<\/div>\n<div id=\"lgt-accordion-section-3803\" class=\"slds-accordion__content\" aria-hidden=\"false\">\n<table class=\"slds-table slds-table_header-hidden\" role=\"presentation\">\n<tbody>\n<tr class=\"slds-hint-parent slds-border_bottom\">\n<td class=\"slds-cell-wrap\">Longueur<\/td>\n<td class=\"slds-cell-wrap\">112.0cm<\/td>\n<\/tr>\n<tr class=\"slds-hint-parent slds-border_bottom\">\n<td class=\"slds-cell-wrap\">Composition<\/td>\n<td class=\"slds-cell-wrap\">42% polyester non-woven58% polyurethan<\/td>\n<\/tr>\n<tr class=\"slds-hint-parent slds-border_bottom\">\n<td class=\"slds-cell-wrap\">Fabriqu\u00e9 en<\/td>\n<td class=\"slds-cell-wrap\">China<\/td>\n<\/tr>\n<\/tbody>\n<\/table>\n<\/div>\n<\/section>\n<\/div>\n<\/div>\n<\/div>\n<\/div>\n<\/div>\n","protected":false},"excerpt":{"rendered":"<p>Le Syntec Evo est le grip id\u00e9al pour les joueurs occasionnels ou r\u00e9guliers qui recherchent non seulement un certain confort mais aussi une excellente absorption de l\u2019humidit\u00e9. Nous sommes tellement s\u00fbrs de son efficacit\u00e9 que nous avons choisi d\u2019en \u00e9quiper toutes nos raquettes EVO en tennis, ainsi que certaines de nos raquettes de padel. Les [&hellip;]<\/p>\n","protected":false},"featured_media":114948,"comment_status":"open","ping_status":"closed","template":"","meta":[],"product_cat":[120],"product_tag":[],"_links":{"self":[{"href":"https:\/\/www.sport4club.be\/index.php\/wp-json\/wp\/v2\/product\/106118"}],"collection":[{"href":"https:\/\/www.sport4club.be\/index.php\/wp-json\/wp\/v2\/product"}],"about":[{"href":"https:\/\/www.sport4club.be\/index.php\/wp-json\/wp\/v2\/types\/product"}],"replies":[{"embeddable":true,"href":"https:\/\/www.sport4club.be\/index.php\/wp-json\/wp\/v2\/comments?post=106118"}],"wp:featuredmedia":[{"embeddable":true,"href":"https:\/\/www.sport4club.be\/index.php\/wp-json\/wp\/v2\/media\/114948"}],"wp:attachment":[{"href":"https:\/\/www.sport4club.be\/index.php\/wp-json\/wp\/v2\/media?parent=106118"}],"wp:term":[{"taxonomy":"product_cat","embeddable":true,"href":"https:\/\/www.sport4club.be\/index.php\/wp-json\/wp\/v2\/product_cat?post=106118"},{"taxonomy":"product_tag","embeddable":true,"href":"https:\/\/www.sport4club.be\/index.php\/wp-json\/wp\/v2\/product_tag?post=106118"}],"curies":[{"name":"wp","href":"https:\/\/api.w.org\/{rel}","templated":true}]}}