{"id":106089,"date":"2021-03-16T18:20:28","date_gmt":"2021-03-16T17:20:28","guid":{"rendered":"https:\/\/www.sport4club.be\/?post_type=product&#038;p=106089"},"modified":"2021-12-20T17:59:15","modified_gmt":"2021-12-20T16:59:15","slug":"babolat-gold-all-court-18-x-4-balles","status":"publish","type":"product","link":"https:\/\/www.sport4club.be\/index.php\/product\/babolat-gold-all-court-18-x-4-balles\/","title":{"rendered":"Babolat Gold All Court (18 x 4 balles)"},"content":{"rendered":"<p><em>La balle de tennis Babolat Gold All Court est une balle pressuris\u00e9e assez performante pour les joueurs loisirs r\u00e9guliers et qui offre un excellent compromis entre sensations et dur\u00e9e de vie.<\/em><\/p>\n","protected":false},"excerpt":{"rendered":"<p>La balle de tennis Babolat Gold All Court est une balle pressuris\u00e9e assez performante pour les joueurs loisirs r\u00e9guliers et qui offre un excellent compromis entre sensations et dur\u00e9e de vie.<\/p>\n","protected":false},"featured_media":106090,"comment_status":"open","ping_status":"closed","template":"","meta":[],"product_cat":[106],"product_tag":[],"_links":{"self":[{"href":"https:\/\/www.sport4club.be\/index.php\/wp-json\/wp\/v2\/product\/106089"}],"collection":[{"href":"https:\/\/www.sport4club.be\/index.php\/wp-json\/wp\/v2\/product"}],"about":[{"href":"https:\/\/www.sport4club.be\/index.php\/wp-json\/wp\/v2\/types\/product"}],"replies":[{"embeddable":true,"href":"https:\/\/www.sport4club.be\/index.php\/wp-json\/wp\/v2\/comments?post=106089"}],"wp:featuredmedia":[{"embeddable":true,"href":"https:\/\/www.sport4club.be\/index.php\/wp-json\/wp\/v2\/media\/106090"}],"wp:attachment":[{"href":"https:\/\/www.sport4club.be\/index.php\/wp-json\/wp\/v2\/media?parent=106089"}],"wp:term":[{"taxonomy":"product_cat","embeddable":true,"href":"https:\/\/www.sport4club.be\/index.php\/wp-json\/wp\/v2\/product_cat?post=106089"},{"taxonomy":"product_tag","embeddable":true,"href":"https:\/\/www.sport4club.be\/index.php\/wp-json\/wp\/v2\/product_tag?post=106089"}],"curies":[{"name":"wp","href":"https:\/\/api.w.org\/{rel}","templated":true}]}}