{"id":106085,"date":"2021-03-16T10:16:05","date_gmt":"2021-03-16T09:16:05","guid":{"rendered":"https:\/\/www.sport4club.be\/?post_type=product&#038;p=106085"},"modified":"2025-08-30T13:59:36","modified_gmt":"2025-08-30T11:59:36","slug":"babolat-team-clay-x-4-balles","status":"publish","type":"product","link":"https:\/\/www.sport4club.be\/index.php\/product\/babolat-team-clay-x-4-balles\/","title":{"rendered":"Babolat Team Clay (x 4 balles)"},"content":{"rendered":"<div class=\"columns-container\">\n<div id=\"columns\" class=\"container\">\n<div class=\"row content-inner\">\n<div id=\"center_column\" class=\"center_column col-xs-12 col-sm-12 col-sm-push-0\">\n<div class=\"product-tabs-container\">\n<section id=\"descriptionTab\" class=\"page-product-box\">\n<div class=\"rte\">\n<p>Team Clay est une balle de tennis sous pression performante garantissant un rebond exceptionnel, une grande r\u00e9sistance et un confort optimal \u00e0 la frappe gr\u00e2ce \u00e0 son feutre tiss\u00e9 haut de gamme.<\/p>\n<p>Cette balle de tennis de premier choix est id\u00e9ale pour les comp\u00e9titeurs comme pour les joueurs r\u00e9guliers, en particulier sur terre battue.<\/p>\n<p>&nbsp;<\/p>\n<\/div>\n<\/section>\n<\/div>\n<\/div>\n<\/div>\n<\/div>\n<\/div>\n","protected":false},"excerpt":{"rendered":"<p>Team Clay est une balle de tennis sous pression performante garantissant un rebond exceptionnel, une grande r\u00e9sistance et un confort optimal \u00e0 la frappe gr\u00e2ce \u00e0 son feutre tiss\u00e9 haut de gamme. Cette balle de tennis de premier choix est id\u00e9ale pour les comp\u00e9titeurs comme pour les joueurs r\u00e9guliers, en particulier sur terre battue. &nbsp;<\/p>\n","protected":false},"featured_media":115208,"comment_status":"open","ping_status":"closed","template":"","meta":[],"product_cat":[106],"product_tag":[],"_links":{"self":[{"href":"https:\/\/www.sport4club.be\/index.php\/wp-json\/wp\/v2\/product\/106085"}],"collection":[{"href":"https:\/\/www.sport4club.be\/index.php\/wp-json\/wp\/v2\/product"}],"about":[{"href":"https:\/\/www.sport4club.be\/index.php\/wp-json\/wp\/v2\/types\/product"}],"replies":[{"embeddable":true,"href":"https:\/\/www.sport4club.be\/index.php\/wp-json\/wp\/v2\/comments?post=106085"}],"wp:featuredmedia":[{"embeddable":true,"href":"https:\/\/www.sport4club.be\/index.php\/wp-json\/wp\/v2\/media\/115208"}],"wp:attachment":[{"href":"https:\/\/www.sport4club.be\/index.php\/wp-json\/wp\/v2\/media?parent=106085"}],"wp:term":[{"taxonomy":"product_cat","embeddable":true,"href":"https:\/\/www.sport4club.be\/index.php\/wp-json\/wp\/v2\/product_cat?post=106085"},{"taxonomy":"product_tag","embeddable":true,"href":"https:\/\/www.sport4club.be\/index.php\/wp-json\/wp\/v2\/product_tag?post=106085"}],"curies":[{"name":"wp","href":"https:\/\/api.w.org\/{rel}","templated":true}]}}