{"id":106051,"date":"2021-03-12T10:52:18","date_gmt":"2021-03-12T09:52:18","guid":{"rendered":"https:\/\/www.sport4club.be\/?post_type=product&#038;p=106051"},"modified":"2024-02-01T10:08:13","modified_gmt":"2024-02-01T09:08:13","slug":"head-graphene-360-gravity-tour-2021-305gr","status":"publish","type":"product","link":"https:\/\/www.sport4club.be\/index.php\/product\/head-graphene-360-gravity-tour-2021-305gr\/","title":{"rendered":"Head Graphene 360+ Gravity Tour (305gr)"},"content":{"rendered":"<p><em>Prenez l\u2019avantage \u00e0 chaque match avec la GRAVITY TOUR ! Elle dispose d\u2019une zone de frappe id\u00e9ale allong\u00e9e qui ravira la nouvelle g\u00e9n\u00e9ration de joueurs agressifs et pr\u00e9sente un nouveau design invers\u00e9 aux couleurs audacieuses : un d\u00e9grad\u00e9 jaune-vert d\u2019un c\u00f4t\u00e9 et bleu-violet de l\u2019autre. La technologie Graphene 360+, qui combine le transfert d\u2019\u00e9nergie du Graphene 360 \u00e0 des spirales de fibres innovantes, apporte un flex am\u00e9lior\u00e9 et une sensation plus nette \u00e0 l\u2019impact. Gr\u00e2ce \u00e0 son plan de cordage 18\/20 offrant un contr\u00f4le optimal, c\u2019est la raquette id\u00e9ale pour un joueur ambitieux en tournoi. La gamme GRAVITY est recommand\u00e9e par Alexander Zverev et Ashleigh Barty.<\/em><\/p>\n","protected":false},"excerpt":{"rendered":"<p>Prenez l\u2019avantage \u00e0 chaque match avec la GRAVITY TOUR ! Elle dispose d\u2019une zone de frappe id\u00e9ale allong\u00e9e qui ravira la nouvelle g\u00e9n\u00e9ration de joueurs agressifs et pr\u00e9sente un nouveau design invers\u00e9 aux couleurs audacieuses : un d\u00e9grad\u00e9 jaune-vert d\u2019un c\u00f4t\u00e9 et bleu-violet de l\u2019autre. La technologie Graphene 360+, qui combine le transfert d\u2019\u00e9nergie du [&hellip;]<\/p>\n","protected":false},"featured_media":106044,"comment_status":"open","ping_status":"closed","template":"","meta":[],"product_cat":[145,786],"product_tag":[],"_links":{"self":[{"href":"https:\/\/www.sport4club.be\/index.php\/wp-json\/wp\/v2\/product\/106051"}],"collection":[{"href":"https:\/\/www.sport4club.be\/index.php\/wp-json\/wp\/v2\/product"}],"about":[{"href":"https:\/\/www.sport4club.be\/index.php\/wp-json\/wp\/v2\/types\/product"}],"replies":[{"embeddable":true,"href":"https:\/\/www.sport4club.be\/index.php\/wp-json\/wp\/v2\/comments?post=106051"}],"wp:featuredmedia":[{"embeddable":true,"href":"https:\/\/www.sport4club.be\/index.php\/wp-json\/wp\/v2\/media\/106044"}],"wp:attachment":[{"href":"https:\/\/www.sport4club.be\/index.php\/wp-json\/wp\/v2\/media?parent=106051"}],"wp:term":[{"taxonomy":"product_cat","embeddable":true,"href":"https:\/\/www.sport4club.be\/index.php\/wp-json\/wp\/v2\/product_cat?post=106051"},{"taxonomy":"product_tag","embeddable":true,"href":"https:\/\/www.sport4club.be\/index.php\/wp-json\/wp\/v2\/product_tag?post=106051"}],"curies":[{"name":"wp","href":"https:\/\/api.w.org\/{rel}","templated":true}]}}