{"id":105745,"date":"2021-01-29T17:24:49","date_gmt":"2021-01-29T16:24:49","guid":{"rendered":"https:\/\/www.sport4club.be\/?post_type=product&#038;p=105745"},"modified":"2025-04-02T21:11:34","modified_gmt":"2025-04-02T19:11:34","slug":"babolat-rhx6-pure-aero-2021","status":"publish","type":"product","link":"https:\/\/www.sport4club.be\/index.php\/product\/babolat-rhx6-pure-aero-2021\/","title":{"rendered":"Babolat RH6 Pure Aero"},"content":{"rendered":"<p><em>Le sac de tennis RH6 Pure Aero vous permet de ranger et de prot\u00e9ger tout le mat\u00e9riel qu\u2019il vous faut pour une journ\u00e9e sur le court.<\/em><\/p>\n<p><em>Il dispose d\u2019un compartiment isotherme isol\u00e9, pour prot\u00e9ger vos raquettes (jusqu\u2019\u00e0 6) contre les variations de temp\u00e9rature, et de plusieurs poches zipp\u00e9es pour ranger vos accessoires.<\/em><\/p>\n<p><em>Il facilite \u00e9galement vos d\u00e9placements : les bretelles rembourr\u00e9es vous permettent de le porter comme un sac \u00e0 dos, mais vous pouvez aussi l\u2019attraper par les poign\u00e9es pour vous rendre rapidement sur le court.<\/em><\/p>\n<p><em>Capacit\u00e9 : 60 L<\/em><\/p>\n<p><em>Dimensions : 75&#215;31.7&#215;31.5cm<\/em><\/p>\n","protected":false},"excerpt":{"rendered":"<p>Le sac de tennis RH6 Pure Aero vous permet de ranger et de prot\u00e9ger tout le mat\u00e9riel qu\u2019il vous faut pour une journ\u00e9e sur le court. Il dispose d\u2019un compartiment isotherme isol\u00e9, pour prot\u00e9ger vos raquettes (jusqu\u2019\u00e0 6) contre les variations de temp\u00e9rature, et de plusieurs poches zipp\u00e9es pour ranger vos accessoires. Il facilite \u00e9galement [&hellip;]<\/p>\n","protected":false},"featured_media":112704,"comment_status":"open","ping_status":"closed","template":"","meta":[],"product_cat":[107],"product_tag":[],"_links":{"self":[{"href":"https:\/\/www.sport4club.be\/index.php\/wp-json\/wp\/v2\/product\/105745"}],"collection":[{"href":"https:\/\/www.sport4club.be\/index.php\/wp-json\/wp\/v2\/product"}],"about":[{"href":"https:\/\/www.sport4club.be\/index.php\/wp-json\/wp\/v2\/types\/product"}],"replies":[{"embeddable":true,"href":"https:\/\/www.sport4club.be\/index.php\/wp-json\/wp\/v2\/comments?post=105745"}],"wp:featuredmedia":[{"embeddable":true,"href":"https:\/\/www.sport4club.be\/index.php\/wp-json\/wp\/v2\/media\/112704"}],"wp:attachment":[{"href":"https:\/\/www.sport4club.be\/index.php\/wp-json\/wp\/v2\/media?parent=105745"}],"wp:term":[{"taxonomy":"product_cat","embeddable":true,"href":"https:\/\/www.sport4club.be\/index.php\/wp-json\/wp\/v2\/product_cat?post=105745"},{"taxonomy":"product_tag","embeddable":true,"href":"https:\/\/www.sport4club.be\/index.php\/wp-json\/wp\/v2\/product_tag?post=105745"}],"curies":[{"name":"wp","href":"https:\/\/api.w.org\/{rel}","templated":true}]}}