{"id":105738,"date":"2021-01-28T12:44:27","date_gmt":"2021-01-28T11:44:27","guid":{"rendered":"https:\/\/www.sport4club.be\/?post_type=product&#038;p=105738"},"modified":"2025-05-07T13:53:29","modified_gmt":"2025-05-07T11:53:29","slug":"babolat-rhx12-pure-aero-2021","status":"publish","type":"product","link":"https:\/\/www.sport4club.be\/index.php\/product\/babolat-rhx12-pure-aero-2021\/","title":{"rendered":"Babolat RH12 Pure Aero"},"content":{"rendered":"<p>A l\u2019instar des joueurs pros, faites tourner les t\u00eates d\u00e8s votre entr\u00e9e sur le court avec ce sac de raquettes RH12 performant aux couleurs de la nouvelle PURE AERO. Le sac de tennis Babolat RH12 PURE est un mod\u00e8le de r\u00e9f\u00e9rence gr\u00e2ce \u00e0 son design disruptif et ses fonctions enrichies. Nous avons forg\u00e9 une nouvelle version du RH12 PURE AERO plus ergonomique et plus robuste. S\u00e9par\u00e9 en trois compartiments, ce RH12 est le plus volumineux de la gamme PURE AERO. Le compartiment principal peut contenir jusqu\u2019\u00e0 six raquettes, ainsi que toutes les affaires dont vous aurez besoin pour briller sur le court. Les deux autres compartiments (pouvant accueillir deux et quatre raquettes) sont isothermes afin de prot\u00e9ger vos cordages des variations brusques de temp\u00e9rature. Con\u00e7u pour r\u00e9pondre aux attentes des joueurs les plus exigeants, le RH12 Pure Aero dispose de deux poches lat\u00e9rales, id\u00e9ales pour ranger vos cl\u00e9s, votre t\u00e9l\u00e9phone, vos grips ou des mouchoirs \u00e0 offrir \u00e0 votre adversaire vaincu\u2026Et parce que nous souhaitons vous proposer ce qui se fait de mieux, nous avons d\u00e9velopp\u00e9 ce sac RH12 avec une mati\u00e8re ext\u00e9rieure ultra r\u00e9sistante, imperm\u00e9able et durable. L\u2019int\u00e9rieur du sac b\u00e9n\u00e9ficie quant \u00e0 lui de notre nouveau \u00ab color-free lining \u00bb, une mati\u00e8re 100% recycl\u00e9e et sans teinture.<\/p>\n<p><em>Capacit\u00e9 : 77L<\/em><\/p>\n<p><em>Dimensions : 75&#215;47.5&#215;31.5cm<\/em><\/p>\n","protected":false},"excerpt":{"rendered":"<p>A l\u2019instar des joueurs pros, faites tourner les t\u00eates d\u00e8s votre entr\u00e9e sur le court avec ce sac de raquettes RH12 performant aux couleurs de la nouvelle PURE AERO. Le sac de tennis Babolat RH12 PURE est un mod\u00e8le de r\u00e9f\u00e9rence gr\u00e2ce \u00e0 son design disruptif et ses fonctions enrichies. Nous avons forg\u00e9 une nouvelle [&hellip;]<\/p>\n","protected":false},"featured_media":112702,"comment_status":"open","ping_status":"closed","template":"","meta":[],"product_cat":[107],"product_tag":[],"_links":{"self":[{"href":"https:\/\/www.sport4club.be\/index.php\/wp-json\/wp\/v2\/product\/105738"}],"collection":[{"href":"https:\/\/www.sport4club.be\/index.php\/wp-json\/wp\/v2\/product"}],"about":[{"href":"https:\/\/www.sport4club.be\/index.php\/wp-json\/wp\/v2\/types\/product"}],"replies":[{"embeddable":true,"href":"https:\/\/www.sport4club.be\/index.php\/wp-json\/wp\/v2\/comments?post=105738"}],"wp:featuredmedia":[{"embeddable":true,"href":"https:\/\/www.sport4club.be\/index.php\/wp-json\/wp\/v2\/media\/112702"}],"wp:attachment":[{"href":"https:\/\/www.sport4club.be\/index.php\/wp-json\/wp\/v2\/media?parent=105738"}],"wp:term":[{"taxonomy":"product_cat","embeddable":true,"href":"https:\/\/www.sport4club.be\/index.php\/wp-json\/wp\/v2\/product_cat?post=105738"},{"taxonomy":"product_tag","embeddable":true,"href":"https:\/\/www.sport4club.be\/index.php\/wp-json\/wp\/v2\/product_tag?post=105738"}],"curies":[{"name":"wp","href":"https:\/\/api.w.org\/{rel}","templated":true}]}}