{"id":103874,"date":"2020-08-11T14:01:38","date_gmt":"2020-08-11T12:01:38","guid":{"rendered":"https:\/\/www.sport4club.be\/?post_type=product&#038;p=103874"},"modified":"2022-07-26T09:03:45","modified_gmt":"2022-07-26T07:03:45","slug":"head-graphene-360-extreme-tour-305gr","status":"publish","type":"product","link":"https:\/\/www.sport4club.be\/index.php\/product\/head-graphene-360-extreme-tour-305gr\/","title":{"rendered":"Head Graphene 360+ Extreme Tour (305gr)"},"content":{"rendered":"<p>La gamme Extreme de chez Head fait peau neuve et s&#8217;agrandit ! D\u00e9couvrez la nouvelle Extreme Tour qui propose un tamis plus petit pour maximiser les sensations et proposer un meilleur rapport puissance\/contr\u00f4le.<\/p>\n<p>On retrouve dans ce cadre (provenant d&#8217;un nouveau moule pens\u00e9 par Head) les ingr\u00e9dients d&#8217;un plus grand contr\u00f4le : tamis 98 (632cm\u00b2), profil\u00e9 plus fin (22\/23\/21mm) et poids de 305g. L&#8217;\u00e9quilibre \u00e0 31.5cm permet de conserver une bonne maniabilit\u00e9.<\/p>\n<p>La Extreme Tour profite des nouveaux joncs de la gamme Extreme. Ils permettent un mouvement plus libre des cordes et un effet trampoline plus important lors de l\u2019impact de la balle pour plus de puissance.<\/p>\n<p>Magnifique dans son look gris et jaune, moderne et contrast\u00e9, elle propose la derni\u00e8re technologie Graphene 360+ pour une stabilit\u00e9, un confort et une flexibilit\u00e9 au top.<\/p>\n<p>La gamme Extreme est recommand\u00e9e par le joueur italien Matteo Berrettini.<\/p>\n<p>Nous conseillons la nouvelle Extreme Tour aux joueurs comp\u00e9titeurs, dont la technique permet de centrer correctement pour profiter pleinement de son potentiel.<\/p>\n","protected":false},"excerpt":{"rendered":"<p>La gamme Extreme de chez Head fait peau neuve et s&#8217;agrandit ! D\u00e9couvrez la nouvelle Extreme Tour qui propose un tamis plus petit pour maximiser les sensations et proposer un meilleur rapport puissance\/contr\u00f4le. On retrouve dans ce cadre (provenant d&#8217;un nouveau moule pens\u00e9 par Head) les ingr\u00e9dients d&#8217;un plus grand contr\u00f4le : tamis 98 (632cm\u00b2), [&hellip;]<\/p>\n","protected":false},"featured_media":103875,"comment_status":"open","ping_status":"closed","template":"","meta":[],"product_cat":[145,786],"product_tag":[],"_links":{"self":[{"href":"https:\/\/www.sport4club.be\/index.php\/wp-json\/wp\/v2\/product\/103874"}],"collection":[{"href":"https:\/\/www.sport4club.be\/index.php\/wp-json\/wp\/v2\/product"}],"about":[{"href":"https:\/\/www.sport4club.be\/index.php\/wp-json\/wp\/v2\/types\/product"}],"replies":[{"embeddable":true,"href":"https:\/\/www.sport4club.be\/index.php\/wp-json\/wp\/v2\/comments?post=103874"}],"wp:featuredmedia":[{"embeddable":true,"href":"https:\/\/www.sport4club.be\/index.php\/wp-json\/wp\/v2\/media\/103875"}],"wp:attachment":[{"href":"https:\/\/www.sport4club.be\/index.php\/wp-json\/wp\/v2\/media?parent=103874"}],"wp:term":[{"taxonomy":"product_cat","embeddable":true,"href":"https:\/\/www.sport4club.be\/index.php\/wp-json\/wp\/v2\/product_cat?post=103874"},{"taxonomy":"product_tag","embeddable":true,"href":"https:\/\/www.sport4club.be\/index.php\/wp-json\/wp\/v2\/product_tag?post=103874"}],"curies":[{"name":"wp","href":"https:\/\/api.w.org\/{rel}","templated":true}]}}