{"id":103866,"date":"2020-08-11T13:49:10","date_gmt":"2020-08-11T11:49:10","guid":{"rendered":"https:\/\/www.sport4club.be\/?post_type=product&#038;p=103866"},"modified":"2024-02-01T10:01:13","modified_gmt":"2024-02-01T09:01:13","slug":"head-graphene-360-extreme-pro-315gr","status":"publish","type":"product","link":"https:\/\/www.sport4club.be\/index.php\/product\/head-graphene-360-extreme-pro-315gr\/","title":{"rendered":"Head Graphene 360+ Extreme Pro (315gr)"},"content":{"rendered":"<p>a nouvelle raquette Head Graphene 360+ Extreme Pro dispose de la derni\u00e8re avanc\u00e9e de la marque pour plus de sensations \u00e0 l&#8217;impact et plus ! Le Graphene 360+ permet un meilleur transfert d&#8217;\u00e9nergie, plus de flexibilit\u00e9 et une sensation plus franche \u00e0 l&#8217;impact.<\/p>\n<p>Si le jaune fluo est toujours pr\u00e9sent sur la nouvelle Extreme, il fait la part belle \u00e0 un gris clair qui apporte de la modernit\u00e9 et contribue \u00e0 rendre unique cette raquette. La cosm\u00e9tique est r\u00e9ussie et offre un vent de fraicheur \u00e0 la gamme.<\/p>\n<p>La version Graphene 360+ de l&#8217;Extreme Pro voit sa masse passer de 310 \u00e0 315g pour plus de stabilit\u00e9. Son \u00e9quilibre \u00e0 31,5cm permet de conserver une bonne maniabilit\u00e9. C&#8217;est le mod\u00e8le le plus lourd de la gamme, ce cadre s&#8217;adresse \u00e0 des joueurs confirm\u00e9s, solides physiquement.<\/p>\n<p>Head a \u00e9galement fait \u00e9voluer les joncs de la gamme Extreme. Ils permettent un mouvement plus libre des cordes et un effet trampoline plus important lors de l\u2019impact de la balle pour plus de puissance.<\/p>\n<p>L&#8217;Extreme Pro est recommand\u00e9e par le joueur italien Matteo Berrettini.<\/p>\n<p>Nous conseillons la nouvelle Extreme en version Pro aux joueurs disposant d&#8217;une technique solide et qui souhaitent dicter le jeu avec des frappes lourdes, puissantes et pleines d&#8217;effet !<\/p>\n<p>Cette raquette est id\u00e9ale pour les joueurs qui aiment d\u00e9velopper un maximum de prise d&#8217;effet et beaucoup de puissance. Vous ferez reculer vos adversaires gr\u00e2ce \u00e0 une prise d&#8217;effet Extr\u00eame.<\/p>\n","protected":false},"excerpt":{"rendered":"<p>a nouvelle raquette Head Graphene 360+ Extreme Pro dispose de la derni\u00e8re avanc\u00e9e de la marque pour plus de sensations \u00e0 l&#8217;impact et plus ! Le Graphene 360+ permet un meilleur transfert d&#8217;\u00e9nergie, plus de flexibilit\u00e9 et une sensation plus franche \u00e0 l&#8217;impact. Si le jaune fluo est toujours pr\u00e9sent sur la nouvelle Extreme, il [&hellip;]<\/p>\n","protected":false},"featured_media":103867,"comment_status":"open","ping_status":"closed","template":"","meta":[],"product_cat":[145,786],"product_tag":[],"_links":{"self":[{"href":"https:\/\/www.sport4club.be\/index.php\/wp-json\/wp\/v2\/product\/103866"}],"collection":[{"href":"https:\/\/www.sport4club.be\/index.php\/wp-json\/wp\/v2\/product"}],"about":[{"href":"https:\/\/www.sport4club.be\/index.php\/wp-json\/wp\/v2\/types\/product"}],"replies":[{"embeddable":true,"href":"https:\/\/www.sport4club.be\/index.php\/wp-json\/wp\/v2\/comments?post=103866"}],"wp:featuredmedia":[{"embeddable":true,"href":"https:\/\/www.sport4club.be\/index.php\/wp-json\/wp\/v2\/media\/103867"}],"wp:attachment":[{"href":"https:\/\/www.sport4club.be\/index.php\/wp-json\/wp\/v2\/media?parent=103866"}],"wp:term":[{"taxonomy":"product_cat","embeddable":true,"href":"https:\/\/www.sport4club.be\/index.php\/wp-json\/wp\/v2\/product_cat?post=103866"},{"taxonomy":"product_tag","embeddable":true,"href":"https:\/\/www.sport4club.be\/index.php\/wp-json\/wp\/v2\/product_tag?post=103866"}],"curies":[{"name":"wp","href":"https:\/\/api.w.org\/{rel}","templated":true}]}}