{"id":100908,"date":"2020-05-12T16:10:46","date_gmt":"2020-05-12T14:10:46","guid":{"rendered":"https:\/\/www.sport4club.be\/?post_type=product&#038;p=100908"},"modified":"2024-07-17T09:20:05","modified_gmt":"2024-07-17T07:20:05","slug":"topspin-pro","status":"publish","type":"product","link":"https:\/\/www.sport4club.be\/index.php\/product\/topspin-pro\/","title":{"rendered":"Topspin Pro"},"content":{"rendered":"<p>Si vous aussi vous voulez apprendre \u00e0 lifter comme Rafael Nadal pour pouvoir d\u00e9border vos adversaires, vous venez de trouver votre perle rare. Utilis\u00e9 dans plus de 84 pays depuis 2015, le TopspinPro s&#8217;inscrit aujourd&#8217;hui comme une r\u00e9f\u00e9rence du mat\u00e9riel p\u00e9dagogique aupr\u00e8s des entra\u00eeneurs de tennis.<\/p>\n<p>Fourni avec un tr\u00e9pied, il vous permet de travailler la rotation de votre balle en toute autonomie. La tige fix\u00e9e au tr\u00e9pied est \u00e9galement d\u00e9tachable pour vous permettre de travailler \u00e9galement vos chips.<\/p>\n<p>Positionnez-vous, jambes l\u00e9g\u00e8rement fl\u00e9chies et apprenez \u00e0 gratter la balle comme les meilleurs lifteurs de la plan\u00e8te.<\/p>\n","protected":false},"excerpt":{"rendered":"<p>Si vous aussi vous voulez apprendre \u00e0 lifter comme Rafael Nadal pour pouvoir d\u00e9border vos adversaires, vous venez de trouver votre perle rare. Utilis\u00e9 dans plus de 84 pays depuis 2015, le TopspinPro s&#8217;inscrit aujourd&#8217;hui comme une r\u00e9f\u00e9rence du mat\u00e9riel p\u00e9dagogique aupr\u00e8s des entra\u00eeneurs de tennis. Fourni avec un tr\u00e9pied, il vous permet de travailler [&hellip;]<\/p>\n","protected":false},"featured_media":100909,"comment_status":"open","ping_status":"closed","template":"","meta":[],"product_cat":[80],"product_tag":[],"_links":{"self":[{"href":"https:\/\/www.sport4club.be\/index.php\/wp-json\/wp\/v2\/product\/100908"}],"collection":[{"href":"https:\/\/www.sport4club.be\/index.php\/wp-json\/wp\/v2\/product"}],"about":[{"href":"https:\/\/www.sport4club.be\/index.php\/wp-json\/wp\/v2\/types\/product"}],"replies":[{"embeddable":true,"href":"https:\/\/www.sport4club.be\/index.php\/wp-json\/wp\/v2\/comments?post=100908"}],"wp:featuredmedia":[{"embeddable":true,"href":"https:\/\/www.sport4club.be\/index.php\/wp-json\/wp\/v2\/media\/100909"}],"wp:attachment":[{"href":"https:\/\/www.sport4club.be\/index.php\/wp-json\/wp\/v2\/media?parent=100908"}],"wp:term":[{"taxonomy":"product_cat","embeddable":true,"href":"https:\/\/www.sport4club.be\/index.php\/wp-json\/wp\/v2\/product_cat?post=100908"},{"taxonomy":"product_tag","embeddable":true,"href":"https:\/\/www.sport4club.be\/index.php\/wp-json\/wp\/v2\/product_tag?post=100908"}],"curies":[{"name":"wp","href":"https:\/\/api.w.org\/{rel}","templated":true}]}}