{"id":100491,"date":"2020-04-30T10:57:03","date_gmt":"2020-04-30T08:57:03","guid":{"rendered":"https:\/\/www.sport4club.be\/?post_type=product&#038;p=100491"},"modified":"2022-12-19T11:56:15","modified_gmt":"2022-12-19T10:56:15","slug":"gel-hydroalcoolique-flacon-500ml-avec-pompe","status":"publish","type":"product","link":"https:\/\/www.sport4club.be\/index.php\/product\/gel-hydroalcoolique-flacon-500ml-avec-pompe\/","title":{"rendered":"Gel Hydroalcoolique (Flacon 500ml avec pompe)"},"content":{"rendered":"<p>D\u00e9sinfection des mains par friction.<br \/>\nNon parfum\u00e9 et sans colorant.<br \/>\nNe n\u00e9cessite nirin\u00e7age, ni s\u00e9chage des mains.<br \/>\nFlacon de 500ml livr\u00e9 avec pompe.<\/p>\n<p>Conforme aux normes : EN13727, EN1500, EN12791, EN13624, EN14348 et EN14476.<\/p>\n","protected":false},"excerpt":{"rendered":"<p>D\u00e9sinfection des mains par friction. Non parfum\u00e9 et sans colorant. Ne n\u00e9cessite nirin\u00e7age, ni s\u00e9chage des mains. Flacon de 500ml livr\u00e9 avec pompe. Conforme aux normes : EN13727, EN1500, EN12791, EN13624, EN14348 et EN14476.<\/p>\n","protected":false},"featured_media":100495,"comment_status":"open","ping_status":"closed","template":"","meta":[],"product_cat":[506,786],"product_tag":[],"_links":{"self":[{"href":"https:\/\/www.sport4club.be\/index.php\/wp-json\/wp\/v2\/product\/100491"}],"collection":[{"href":"https:\/\/www.sport4club.be\/index.php\/wp-json\/wp\/v2\/product"}],"about":[{"href":"https:\/\/www.sport4club.be\/index.php\/wp-json\/wp\/v2\/types\/product"}],"replies":[{"embeddable":true,"href":"https:\/\/www.sport4club.be\/index.php\/wp-json\/wp\/v2\/comments?post=100491"}],"wp:featuredmedia":[{"embeddable":true,"href":"https:\/\/www.sport4club.be\/index.php\/wp-json\/wp\/v2\/media\/100495"}],"wp:attachment":[{"href":"https:\/\/www.sport4club.be\/index.php\/wp-json\/wp\/v2\/media?parent=100491"}],"wp:term":[{"taxonomy":"product_cat","embeddable":true,"href":"https:\/\/www.sport4club.be\/index.php\/wp-json\/wp\/v2\/product_cat?post=100491"},{"taxonomy":"product_tag","embeddable":true,"href":"https:\/\/www.sport4club.be\/index.php\/wp-json\/wp\/v2\/product_tag?post=100491"}],"curies":[{"name":"wp","href":"https:\/\/api.w.org\/{rel}","templated":true}]}}