{"id":100486,"date":"2020-04-30T10:25:10","date_gmt":"2020-04-30T08:25:10","guid":{"rendered":"https:\/\/www.sport4club.be\/?post_type=product&#038;p=100486"},"modified":"2021-12-05T09:44:24","modified_gmt":"2021-12-05T08:44:24","slug":"gel-hydroalcoolique-bidon-5l","status":"publish","type":"product","link":"https:\/\/www.sport4club.be\/index.php\/product\/gel-hydroalcoolique-bidon-5l\/","title":{"rendered":"Gel Hydroalcoolique (Bidon 5L)"},"content":{"rendered":"<p>D\u00e9sinfection des mains par friction.<br \/>\nNon parfum\u00e9 et sans colorant.<br \/>\nNe n\u00e9cessite nirin\u00e7age, ni s\u00e9chage des mains.<br \/>\nBidon de 5L.<\/p>\n<p>Conforme aux normes : EN13727, EN1500, EN12791, EN13624, EN14348 et EN14476.<\/p>\n<p><strong>R\u00e9assort \u00e0 partir du 10\/12\/20 !!<\/strong><\/p>\n","protected":false},"excerpt":{"rendered":"<p>D\u00e9sinfection des mains par friction. Non parfum\u00e9 et sans colorant. Ne n\u00e9cessite nirin\u00e7age, ni s\u00e9chage des mains. Bidon de 5L. Conforme aux normes : EN13727, EN1500, EN12791, EN13624, EN14348 et EN14476. R\u00e9assort \u00e0 partir du 10\/12\/20 !!<\/p>\n","protected":false},"featured_media":100488,"comment_status":"open","ping_status":"closed","template":"","meta":[],"product_cat":[506,786],"product_tag":[],"_links":{"self":[{"href":"https:\/\/www.sport4club.be\/index.php\/wp-json\/wp\/v2\/product\/100486"}],"collection":[{"href":"https:\/\/www.sport4club.be\/index.php\/wp-json\/wp\/v2\/product"}],"about":[{"href":"https:\/\/www.sport4club.be\/index.php\/wp-json\/wp\/v2\/types\/product"}],"replies":[{"embeddable":true,"href":"https:\/\/www.sport4club.be\/index.php\/wp-json\/wp\/v2\/comments?post=100486"}],"wp:featuredmedia":[{"embeddable":true,"href":"https:\/\/www.sport4club.be\/index.php\/wp-json\/wp\/v2\/media\/100488"}],"wp:attachment":[{"href":"https:\/\/www.sport4club.be\/index.php\/wp-json\/wp\/v2\/media?parent=100486"}],"wp:term":[{"taxonomy":"product_cat","embeddable":true,"href":"https:\/\/www.sport4club.be\/index.php\/wp-json\/wp\/v2\/product_cat?post=100486"},{"taxonomy":"product_tag","embeddable":true,"href":"https:\/\/www.sport4club.be\/index.php\/wp-json\/wp\/v2\/product_tag?post=100486"}],"curies":[{"name":"wp","href":"https:\/\/api.w.org\/{rel}","templated":true}]}}